s/16)/11. What is the greatest common factor of r and z?
15
Suppose 148464 - 88278 = 43*w - 419608. What is the highest common factor of 14 and w?
14
Let m(o) = -5*o + 16 + 4*o - 19 + 12*o. Let a be m(1). What is the highest common divisor of 20 and a?
4
Suppose 4*p = -4*f + 620, 4*p - 5*f = 735 - 70. Calculate the highest common divisor of 370 and p.
10
Let o(y) = -y**3 + 10*y**2 + 1. Let a = -379 + 389. Let q be o(a). Calculate the highest common divisor of 5 and q.
1
Let o = -7040 - -9893. Calculate the highest common factor of o and 27.
9
Suppose -120*i + 35190 = -9747 - 10263. Let h be (0 - -2) + -2 - -92. What is the highest common factor of h and i?
92
Let t(o) = o**3 + 8*o**2 - 4*o - 8. Let f be t(-8). Let w be (-121 - 2)*5/(-60)*4. Suppose 48*d - w*d = 588. What is the highest common divisor of d and f?
12
Let b = 367 - 367. Suppose -u + 62 = 5*q, 4*q + 4*u - 72 + 16 = b. Calculate the greatest common divisor of q and 66.
6
Let h be (-32040)/(-150)*170/51. Calculate the greatest common divisor of h and 392.
8
Suppose -2*v - 2*g + 794 = 0, 5*v - 8*v = -2*g - 1211. Suppose -v*k = -406*k + 70. Calculate the highest common divisor of 4 and k.
2
Let p be 2/(-10) - (-390)/75. Suppose 5*i = -0*z + 2*z + 95, z = p*i - 95. Let g be 6*(-4 + 200/12). Calculate the greatest common divisor of i and g.
19
Let r be 44/(-352) - (-601)/8. Suppose 16*h + r - 715 = 0. Let z be (-2 - 0)/(-2)*10. Calculate the highest common divisor of h and z.
10
Suppose -18*t + 19*t - 8*i - 211 = 0, -t + 229 = -2*i. Suppose 0 = l - 4*l + 141. What is the highest common factor of t and l?
47
Suppose 467 + 1033 = 39*w - 1152. What is the greatest common factor of 935 and w?
17
Let r = 25 - 20. Suppose 17 = r*y - 8. Suppose 3*i - 5*i = 4*s - 196, 0 = y*s - 25. What is the greatest common factor of i and 8?
8
Let f = 298 - 162. Calculate the greatest common divisor of 34 and f.
34
Let s = 5596 - 1388. Calculate the greatest common divisor of s and 16.
16
Suppose 0 = -14*f + 39203 + 18631. What is the highest common divisor of 51 and f?
51
Suppose -12*p + 11566 = -13749 + 2191. Calculate the greatest common divisor of 47 and p.
47
Suppose 2*b - 2*z + 0 = 20, 3*b - 5*z - 28 = 0. Suppose 621 = -b*k - 369. Let i be (8/18*3)/((-40)/k). What is the highest common divisor of 9 and i?
3
Let p(f) = -4*f**3 + f + 15. Let a be p(0). What is the highest common factor of a and 60?
15
Let z = 2808 + -1744. What is the highest common factor of 84 and z?
28
Let f(u) = 24*u - 531. Let l be f(23). Suppose -6*w - 9*w = -1470. What is the highest common factor of w and l?
7
Let s be (-8)/(-11)*5302/241. Suppose -3*n = -18 + 6. Suppose i - 10 = -4*a, -n*i + 16 = -i + 5*a. What is the highest common factor of s and i?
2
Suppose 11*m + 249 = 8*m. Let h = 115 + m. Let d = 364 - 204. What is the highest common divisor of d and h?
32
Let j be 30 + -1 + (9 - 15). Suppose -6*l - j = -59. Calculate the highest common divisor of 6 and l.
6
Suppose 0 = r + 9*v - 10*v + 6, 2 = 2*v. Let g be (9 - 3) + (r - -8). What is the greatest common divisor of g and 6?
3
Let l = -51 + 54. Suppose -4*y = l*s - 6, 2*y + 3*s + s = -2. Let h be 21*(-3 - -4 - 1/y). What is the greatest common factor of h and 42?
14
Suppose -4*s + 56 = -4. Suppose -3*y = 3, -4*i + 98*y + 183 = 95*y. Calculate the greatest common factor of s and i.
15
Let l = 55 - 38. Suppose -7*a + 11 = -l. Suppose a*u - 630 = -u. Calculate the greatest common factor of u and 21.
21
Let s = 25512 - 11688. Calculate the highest common divisor of 128 and s.
128
Let x = 48 + -44. Suppose -x*r = -19 - 21. Suppose -8*l = -125 - 75. What is the highest common factor of r and l?
5
Let p be 20/((-5720)/154)*-13. Calculate the highest common divisor of 6839 and p.
7
Let f(m) = -5*m - 2. Let z be f(-3). Let d be (2489/95)/(2/10). Let q = d - 27. What is the highest common divisor of z and q?
13
Let o(g) = -g**2 + 70*g - 1122. Let c be o(45). What is the greatest common divisor of 81 and c?
3
Suppose 209 = 11*m - 121. Calculate the greatest common divisor of m and 192.
6
Let p be (-1748)/(-20) + (-45)/(-75). Suppose -440*d = -438*d - p. What is the greatest common factor of d and 154?
22
Let w(u) = -4*u**3 - 5*u**2 + 10*u + 28. Let j be w(-2). Let h(g) = g**2 - 14*g + 1. Let b be h(j). What is the greatest common divisor of 11 and b?
11
Let j(s) = -26*s**3 + 2*s**2 - 2*s - 4. Let p be j(-1). What is the highest common factor of p and 6994?
26
Let m = -18683 - -19061. Calculate the highest common divisor of m and 7371.
189
Let s = 152 + -162. Let l be (((-4)/s)/1)/((-8)/(-460)). What is the greatest common factor of 483 and l?
23
Suppose 0 = 5*s + 3*h - 1940, 5*h - 195 = -2*s + 562. Let k = 83 + -49. What is the greatest common factor of k and s?
17
Suppose 0 = -2*t - 12. Let i be 52 + 0/(t/(-2)). Let z = 62 - i. Calculate the greatest common factor of z and 10.
10
Suppose -26*m + 21*m - 2*s = 4220, m = -s - 841. Let i = m - -894. What is the highest common factor of i and 12?
12
Suppose 3 + 7 = g. Let c be 2/(-9) + (-112982)/(-306). Suppose -9*o + 1359 = c. Calculate the greatest common divisor of o and g.
10
Let d(t) = -t**3 + 11*t**2 + 12*t + 10. Let b = -135 - -147. Let i be d(b). Suppose 528 = -10*p + 1328. Calculate the greatest common factor of i and p.
10
Let k be ((-1595)/58 + 17)/(3/(-164)). What is the greatest common divisor of 1435 and k?
287
Suppose -4*t + 2*z + 130 = 0, 3*z + 3 = -3*t + 105. Let s = 30 + t. What is the greatest common divisor of 72 and s?
9
Let l = -19757 - -22757. Calculate the greatest common divisor of l and 1920.
120
Let z(c) = -198*c + 52. Let t be z(0). What is the highest common divisor of t and 1651?
13
Suppose 5*m = -3*f + 11882, -4 + 9 = 5*m. What is the greatest common factor of f and 107?
107
Suppose -5*g - 4*n = -1128, -3*n - 456 = -2*g - 7*n. Let y be 10*58/18 + 4/(-18). Calculate the highest common factor of g and y.
32
Let j = 6245 + -6242. What is the highest common divisor of 543 and j?
3
Suppose 85*d - 555 = 3355. Suppose -r - 3*r = -92. Calculate the highest common factor of r and d.
23
Suppose -66*v = -57*v + 918. Let l = v - -122. What is the greatest common divisor of l and 10?
10
Suppose 12*w - 17*w + 265 = 0. Suppose 7*x - 137 = -2*q, -4*x + w = -x + 2*q. What is the highest common factor of x and 24?
3
Let h(p) = -11201*p - 1. Let l be h(-1). Suppose -375*i + 359*i + l = 0. What is the highest common divisor of i and 35?
35
Let o(w) = 13*w**2 + w + 1. Let z be o(-1). Let t = 17874 + -17861. What is the highest common factor of z and t?
13
Let o = -2133 + 2187. Calculate the greatest common factor of 414 and o.
18
Suppose -2*g + 52 + 8 = -4*w, -3*w + 74 = 2*g. Let v = 123 - 106. What is the greatest common divisor of v and g?
17
Let n = 1918 - 1891. What is the highest common factor of 639 and n?
9
Let g be ((-1)/7 + (-120)/(-105))*-140. Let u = g + 146. Calculate the highest common factor of u and 3.
3
Let q(i) = 3*i - 3. Let s be q(-5). Let j = 54 + s. Let z be -38 + 171 + (-11)/(-1). Calculate the highest common divisor of z and j.
36
Let o(g) = -3*g**2 + 24*g + 8. Let p(x) = -7*x**2 + 48*x + 15. Let b(z) = -9*o(z) + 4*p(z). Let r be b(-23). Calculate the highest common factor of 11 and r.
11
Suppose -156*b = -165*b + 27. Suppose -4*x + 35 + 2 = -3*p, 3*x - p = 24. Suppose -d + 22 - x = 0. Calculate the greatest common factor of b and d.
3
Suppose w = -5*t + 42607, 10*t - 79193 = -5*w + 6042. Calculate the highest common factor of t and 360.
120
Let a be ((-11)/22)/((-4)/22800). Calculate the highest common divisor of 300 and a.
150
Let k = 3026 + -2501. What is the highest common divisor of 100 and k?
25
Suppose -4*p + 56 = -2*h, -9*p + 3*h = -4*p - 69. What is the greatest common divisor of 1700 and p?
5
Let u be -3 + (-996)/(-20) - -4*7/140. Calculate the highest common divisor of 3713 and u.
47
Suppose 7*m - 2*m - w - 28415 = -9065, 0 = -w. What is the highest common factor of 90 and m?
90
Let a = 153 + -143. Let z be (-15)/9*(-16 + a). Calculate the greatest common divisor of 370 and z.
10
Suppose 46 = 5*h + 4*g, h + 2 = g + g. Suppose h*y - 399 = 561. Calculate the greatest common divisor of y and 64.
32
Let r = -61 - -176. Let h = 295 - r. Let f be ((-2)/(-4) + (-23)/6)*-6. What is the greatest co